 -310. What are the prime factors of g?
2
Let k be (90/3)/((-3)/(-2)). Let f be (k/6)/((-2)/(-33)). Suppose p + f = 6*p. What are the prime factors of p?
11
Let x(m) = 16*m**2 - 7*m + 1. Suppose 0 = -r + 2 + 5. Let v be x(r). What are the prime factors of 2/(-7) + v/28?
2, 13
Suppose 0 = 5*y - 3*w - 14796, 0 = -3*y + 5*w + 6233 + 2635. List the prime factors of y.
3, 7, 47
Let w = 300 + -115. Let j = w + -124. List the prime factors of j.
61
Suppose -287640 = -78*u - 24*u. List the prime factors of u.
2, 3, 5, 47
What are the prime factors of ((-5)/3)/((-355)/86052)?
2, 101
Suppose 0 = 4*u - l - 456, -2*l + 111 + 231 = 3*u. List the prime factors of u.
2, 3, 19
Let j(r) = r**2 + 2*r - 14. Let d be j(-10). Let n = d - 30. List the prime factors of n.
2, 3
Suppose -d = 4*q - 202, -5*q + 8*q = 3. List the prime factors of d.
2, 3, 11
Let b = 1516 - 858. What are the prime factors of b?
2, 7, 47
Suppose r + 3*r - 1836 = 0. List the prime factors of r.
3, 17
Let p be (48/(-18))/(6/(-9)). Suppose f + 255 - 56 = 3*l, 244 = p*l + 4*f. What are the prime factors of l?
5, 13
Suppose -3*u + 11 = -1. Suppose u = -4*d + 4*b, -11 = 3*d + b + 12. List the prime factors of (4/6)/(d/(-117)).
13
Suppose -110 = 2*l + 3*l. Let k = 43 + l. What are the prime factors of 2 + (1 - 0) + k?
2, 3
Let n(k) = -175*k**2 - 10*k - 7. Let l(s) = 58*s**2 + 3*s + 2. Let g(q) = 7*l(q) + 2*n(q). What are the prime factors of g(-1)?
5, 11
Let k(w) = -2*w + 2*w - 2*w + w**2 + 3*w. Let p(t) = t**3 - 3*t**2 + 11*t + 9. Let r(b) = -5*k(b) + p(b). List the prime factors of r(8).
3, 19
Suppose 3*w + 9*w + 1980 = 0. Let o = 54 - w. What are the prime factors of o?
3, 73
Let t = 12 - 8. Suppose -5*h - t*g + 2*g = -278, 3*h - 173 = 5*g. List the prime factors of h.
2, 7
Let w(h) = h**3 + h - 2. Let b be w(-2). Let g = b - -3. List the prime factors of 5/(-1)*g/3.
3, 5
Let s = -1439 - -3225. List the prime factors of s.
2, 19, 47
Let k(w) = 3*w**2 + 8*w + 9. Suppose -7*j + 6*j - 5 = 0. Let l be k(j). Suppose d - l + 5 = 0. What are the prime factors of d?
3, 13
Let n be 215/(-45) + (-1)/(27/6). Let a(c) = -18*c - 8. What are the prime factors of a(n)?
2, 41
List the prime factors of (-5)/(6 + 6 + 34447/(-2870)).
2, 5, 41
Let z be -12 + 1/(-1) + -1. Let k be 6/z - (-816)/42. Suppose -2*o + k = -31. List the prime factors of o.
5
Let c be (16 + 1)/(8/40). Suppose -42 = z + c. Let d = -60 - z. What are the prime factors of d?
67
Let f(g) = g**2 + g + 21. Let m be f(0). Let c be 6/m - 15/(-21). Let q(o) = 60*o**3 - 2*o**2 + 3*o - 1. List the prime factors of q(c).
2, 3, 5
Let t(l) = -8*l**2 + 3*l + 9. Let p(c) = 7*c**2 - 3*c - 8. Let w(q) = 7*p(q) + 6*t(q). Let n be w(5). List the prime factors of -21*(2 + (4 - n)).
2, 3, 7
Suppose -5*j - 6 = -8*j. Suppose -2*p + 5*m = j*p - 401, -4*p + 3*m + 407 = 0. List the prime factors of p.
2, 13
What are the prime factors of (-318)/(5/((-10)/4))?
3, 53
Let h = -9 + 16. Let z(f) = 4*f - h*f + 2*f**2 - 6*f - 4. List the prime factors of z(7).
31
Suppose 2*u - 3*v = 2177, -2*u + 0*u = -4*v - 2172. What are the prime factors of u?
2, 137
Let y(g) = 31*g**2 + 2*g + 26. List the prime factors of y(-6).
2, 5, 113
Suppose j + j - 8 = 0, -5*j + 29 = 3*v. Suppose v*d - 8*a = -3*a + 533, 3*d = 2*a + 548. List the prime factors of d.
2, 3, 31
Suppose 0 = 8*i - 7*i. Let o(s) = -2*s + 24. List the prime factors of o(i).
2, 3
Suppose -85 = -4*x + 35. Let y be ((-10)/(-10) + 2 + -8)*4. What are the prime factors of ((-57)/2)/(x/y)?
19
Let v be (-4)/((-75)/(-70) + -1). Let x = v - -106. List the prime factors of x.
2, 5
Suppose -4*r + 2*r - 22 = 0. Let t(z) be the third derivative of -z**6/120 - z**5/6 + 5*z**4/12 + 5*z**3/3 - 2*z**2. List the prime factors of t(r).
3, 7
Suppose -2*y = -4*l - 676, -2*y + 3*l + 679 = -0*l. Suppose 3*i = -i + y. List the prime factors of i.
2, 43
Let y(q) be the third derivative of -q**6/60 + q**5/60 - q**4/24 - q**3/6 - 11*q**2 + 2*q. Suppose 0 = -6*g + 3*g - 3. List the prime factors of y(g).
3
Let x = -6798 + 12011. List the prime factors of x.
13, 401
Let n(s) = -s**2 + 11*s - 8. Let y be n(6). Let c = 49 - y. List the prime factors of c.
3
Let s = 1627 - -165. List the prime factors of s.
2, 7
List the prime factors of ((-164)/(-6))/((208/1032)/13).
41, 43
Suppose 0 = -3*x + 3*g - 21, -x + 3*x - g + 10 = 0. What are the prime factors of 12/6 + x + 73?
2, 3
List the prime factors of -2 - (-461 + -5 + 4).
2, 5, 23
Let k = -1360 + 2211. List the prime factors of k.
23, 37
Suppose -3*u + 9 = -s - s, 12 = 5*s + 4*u. Suppose 3*d = -s + 15. Suppose -d*i - 70 = 3*h - 367, 5*i = -5*h + 295. List the prime factors of i.
2, 3, 5
Let p(q) = -q**2 + 9*q + 1. Let k be p(8). Suppose k = -4*f - 3. List the prime factors of (-15)/f*112/10.
2, 7
Suppose -47*j - 5*o + 4703 = -46*j, 2*o = 3*j - 14058. List the prime factors of j.
2, 293
Let l(o) = o**3 + 12*o**2 - 11*o - 11. Let g be l(-13). Suppose 0*h + 5*h - 5*d = -100, 0 = -4*h - 5*d - 89. Let i = h - g. List the prime factors of i.
2
Let h(z) = -5 + 10 + z + 10. Let d be h(-11). List the prime factors of ((-32)/12)/(d/(-30)).
2, 5
Suppose 2*f = 3*f - 257. What are the prime factors of f?
257
Suppose -6*u - 440 = -7*u. List the prime factors of u.
2, 5, 11
Suppose 4*y = -5*k + 15, -3*y + 6 = k + 14. Suppose 4*f - k*f = 0. Suppose f = -3*t + 2*r + 157, -2*t - 2*r = t - 137. List the prime factors of t.
7
Let k = 632 + -340. What are the prime factors of k?
2, 73
Suppose -192 = -9*h + 17*h. Let f = h - -108. What are the prime factors of f?
2, 3, 7
Let w(h) be the first derivative of h**4/4 + 2*h**3 + h**2/2 - 3*h - 1. What are the prime factors of w(-5)?
17
Let f(b) = -42*b + 1. Let q be f(-1). Suppose 53 = -4*h - q. Let m = h - -40. List the prime factors of m.
2
Let f(k) = k**2 - 5*k + 9. Let c be f(4). Suppose 4*v - 55 = -5*w + 14, 90 = 5*v + c*w. What are the prime factors of v?
3, 7
Let t(w) = -10*w + 8. Suppose -7*i - 88 = -39. What are the prime factors of t(i)?
2, 3, 13
Let y(l) = 8*l**2 - 2*l - 6. Let z be y(-6). List the prime factors of (z/28)/((-25)/(-12) + -2).
2, 3, 7
Suppose -3*p + 5*z - 17 = 0, -2*p - 5*z - 3 = -0. Let w(t) = -5*t**3 - 3*t**2 + 4*t - 8. What are the prime factors of w(p)?
2, 31
Let k(a) = -a**2 + 4*a + 1. Let n be k(3). Let p be (108/8)/3*n. Let g = 20 - p. List the prime factors of g.
2
Let z(i) = 13*i**2 + 13*i - 50. What are the prime factors of z(9)?
2, 5, 7
Suppose 2*n - 17*z = -22*z + 1378, -4*z - 3379 = -5*n. What are the prime factors of n?
7, 97
Let i(n) = n**2 + 4*n + 10. Let k be i(-3). Suppose k*t - 204 = 5*t. What are the prime factors of t?
2, 3, 17
Let h = 2407 + -1308. List the prime factors of h.
7, 157
Let c = 22 - 28. Let q(g) = 2*g**2 + 8*g. Let x be q(c). Suppose x = n + 2*n. What are the prime factors of n?
2
Let w be -1*1/1*-3. Let v be (w - 3) + 36*-1. Let r = 80 + v. List the prime factors of r.
2, 11
Let v = -437 - -925. What are the prime factors of v?
2, 61
Let v = 6 + 29. Let u = 57 - v. List the prime factors of u.
2, 11
Let d(p) = 144*p + 12. Let l be d(-9). Let w be 8/(-14) + l/(-42). Suppose 0 = -0*g - g + w. What are the prime factors of g?
2, 3, 5
Let h = -1774 - -2142. What are the prime factors of h?
2, 23
Let j = 5658 + -2534. List the prime factors of j.
2, 11, 71
Suppose 36*x = 44*x - 1344. What are the prime factors of x?
2, 3, 7
What are the prime factors of 64/28 + -2 + 44616/56?
797
Let o(y) = y**2 + 4*y + 4. Let f be o(-1). What are the prime factors of -5 - (f + -3) - -135?
2, 3, 11
Let s(x) = -x**3 - 8*x**2 + 10*x + 9. Suppose 5*h - 39 + 5 = j, 0 = 5*j - 5*h + 70. Let k be s(j). Suppose 0*r + 2*r - 40 = k. List the prime factors of r.
2, 5
Suppose -5*p - 60*s + 2124 = -59*s, 4*s + 429 = p. What are the prime factors of p?
5, 17
Let i(n) = n**3 - 2*n**2 + 3*n + 10. Let t be i(-4). Let y = t + 304. What are the prime factors of y?
2, 103
Let x = -4 - -7. Suppose 0 = -2*b + 4*l + 198, x*l - 2*l = -3*b + 332. What are the prime factors of b?
109
Let k = 119 + -111. Suppose 0 = -0*q + k*q - 264. List the prime factors of q.
3, 11
Let t be ((-60)/50)/(6/(-20)). Suppose -t*v = 3*v. Let b = 25 + v. List the prime factors of b.
5
Let w(f) = -f**2 - 18*f + 6. Suppose 0 = -5*s - 14 - 1, -5*v - 2*s = -34. Let i be 107/(-7) + v/28